r, -c + 23 + 0 = -5*s. What are the prime factors of c?
2
Let m = 22 - 14. What are the prime factors of (-8)/(-5)*100/m?
2, 5
Let i be ((-2)/4)/((-1)/6). Suppose 3*f - 28 = -f + 4*u, 5*u - 5 = -i*f. List the prime factors of f.
5
Let u(f) = -f**3 - 3*f**2 + 3*f + 3. Suppose 0*i + 1 = -i. Let z = i + -3. List the prime factors of u(z).
7
Let d = -35 - -177. What are the prime factors of d?
2, 71
Let m(a) = -a**3 - 23*a**2 + 23*a + 23. What are the prime factors of m(-24)?
47
Suppose 2*r = 5*r - 18. Suppose -r + 34 = 2*s. Suppose 4 = -f + s. List the prime factors of f.
2, 5
Suppose -6*h + 303 = -51. List the prime factors of h.
59
Let q be (24/20)/(6/45). What are the prime factors of -1 + (2 + q - 2)?
2
Let b be ((-6)/(-4))/((-2)/(-4)). Suppose b*z - 5 = 7. Let t = z - 2. List the prime factors of t.
2
Let o = -3 - -5. List the prime factors of o*26/(-10)*-5.
2, 13
Let j = 61 - 27. What are the prime factors of j?
2, 17
Let u(x) = x - 30. Let y be u(0). Let v = y - -40. List the prime factors of v.
2, 5
Let a(m) = -11*m - 61. List the prime factors of a(-10).
7
Suppose 2*g - 4*g = 6. Let i be 18 - g - -2 - 3. Suppose 2*u = -3*u + i. What are the prime factors of u?
2
Let k(o) = o - 1. Let d be k(6). Suppose 3 - 13 = -d*x. List the prime factors of 22/x - (3 - 2).
2, 5
List the prime factors of 588/8 - 6/12.
73
Suppose -4*c + 99 + 5 = 0. What are the prime factors of c?
2, 13
Let k(d) = 3*d**2 + 4*d - 13. List the prime factors of k(-7).
2, 53
What are the prime factors of (-1438)/(-10) - 3/(-15)?
2, 3
Let z = -19 + 38. What are the prime factors of z?
19
Suppose 4*f = 3*c - 8 - 0, 3*c = f + 2. Suppose c = i - 0*i - 6. Suppose -4*g = 2*a - 26, -5*g = -3*a - i*g + 14. What are the prime factors of a?
3
Let m(v) = 2*v**3 - v**2 - 2*v - 2. Let t be m(2). What are the prime factors of 3*6*15/t?
3, 5
Suppose -4*s + 2 + 2 = 0. Let a = s + 1. What are the prime factors of (-2)/4*(-12)/a?
3
Suppose 3*x - 40 - 146 = 0. What are the prime factors of x?
2, 31
Suppose 7*g - 2*g + 15 = 0. Let v(z) be the first derivative of 2*z**3/3 - z + 1. List the prime factors of v(g).
17
Let k(b) = 0*b**3 + 3*b**2 + b**2 - 8*b - 5 + b**3. List the prime factors of k(-5).
2, 5
Suppose 4*i - 985 + 141 = 0. What are the prime factors of i?
211
Let t be (-4)/(44/(-52) - -1). Let i = t + 50. What are the prime factors of i?
2, 3
Let o(r) = 2*r + 2. Let y be o(14). Suppose 2*i = i + 4*g + y, i + 5*g = 39. What are the prime factors of i?
2, 17
Let p be ((-3)/6)/(3/(-324)). Let c = p + -37. Suppose d = -x - 3*x + 17, 0 = 3*x + 5*d - c. List the prime factors of x.
2
Let f = -9 - -13. Suppose 0*d - f = -d. Suppose -12 = 4*q + 8, 3*r - 13 = -d*q. What are the prime factors of r?
11
Let m(t) = t**3 - 12*t**2 + 3*t - 1. Let k be m(12). Let q(p) = p**2 + p + 5. Let a be q(0). Suppose -a = 5*v - k. List the prime factors of v.
2, 3
Suppose -5*s - 35 = -4*l, 4*l - 3*s - 37 = -0*s. Suppose i + l = 2*i. What are the prime factors of i?
2, 5
Suppose q = -4*r + 542, -6*q = r - 2*q - 143. What are the prime factors of r?
3, 5
What are the prime factors of 2834/143 + 4/22?
2, 5
Let v = 8 - 12. Let x be (-988)/(-28) + v/14. Suppose -x = -2*k - 3*k. What are the prime factors of k?
7
Suppose -68 = -5*j + j. Let u be 4 + -1 - (1 + -1). Suppose -y = -j + u. List the prime factors of y.
2, 7
Suppose -24 = 2*l - 104. Suppose 2*q = -2*q + l. List the prime factors of q.
2, 5
Suppose 20*j = 23*j - 153. List the prime factors of j.
3, 17
Let y be (-9)/(-2)*6/9. Suppose -39 = 2*n + 3*n - y*j, 2*n - 5*j = -8. Let p = n + 21. List the prime factors of p.
2, 3
Suppose -5*t = 5*b + 3 - 8, 0 = -4*b - 2*t + 6. Suppose 0 = -0*c + 4*c - a - 55, 2*c + b*a = 20. List the prime factors of c.
13
Suppose 0 = -3*h + 6*h - 138. What are the prime factors of h?
2, 23
Let j(m) = m**2 + m - 1. Let h be j(2). Suppose 0*x - 35 = -h*x. What are the prime factors of x?
7
Suppose 0 = 3*b + 5*u + 1, -5*b + u - 14 = -3*u. What are the prime factors of 2/(3/b - -2)?
2
Suppose -f - 3*f = -5*a + 164, 176 = -4*f + 2*a. Let h = 31 + f. Let t = h + 27. What are the prime factors of t?
2, 3
Suppose -6*i + 123 = -3*i + 3*m, m + 143 = 3*i. Let a = 74 - i. What are the prime factors of a?
2, 7
List the prime factors of 38/(-10)*20/(-4).
19
Suppose 0 = 6*p - 13*p + 357. List the prime factors of p.
3, 17
Let x(v) = 2*v**2 - 3*v + 1. Let d be x(2). What are the prime factors of d/((-15)/(-14))*5?
2, 7
Let t = 544 - 311. What are the prime factors of t?
233
Let r(i) = 8*i - 2. Let o be r(2). Let z be 4/o - 104/(-28). Suppose z*q - 55 = -q. What are the prime factors of q?
11
List the prime factors of 1/(386/(-194) - -2).
97
Suppose -141 = -5*x - t, -3 = t - 4. What are the prime factors of x?
2, 7
Let b(q) = -q**3 + 8*q**2 - 3*q + 6. List the prime factors of b(7).
2, 17
Let z(t) = 3*t. List the prime factors of z(5).
3, 5
Let i(c) = c**2 - 5*c - 9. Let s be i(7). Suppose -10 + 0 = -s*u. Suppose -10 = -3*g + u*g + 4*d, 3*g = -d + 17. List the prime factors of g.
2, 3
Suppose t - 28 = -3*t. Let x(j) = -j**3 + 7*j**2 + 2*j. What are the prime factors of x(t)?
2, 7
Suppose 162 = 4*b - 2*j, 3*j + 136 + 29 = 4*b. List the prime factors of b.
3, 13
Let i(f) = 60*f + 6. List the prime factors of i(5).
2, 3, 17
Let k(r) = -3*r**3 + 2*r + 2. Let o = -9 - -7. What are the prime factors of k(o)?
2, 11
Suppose -x = x. Suppose x = g - 9 + 24. List the prime factors of (18/g)/((-6)/40).
2
Let u(s) = 2*s + 6. Let w be u(-6). Suppose -2*z + 1 = o - 1, -o - 4*z + 4 = 0. Let m = o - w. List the prime factors of m.
2, 3
Let z(c) = c + 2. Let l be z(0). Let x = l - 4. What are the prime factors of 5*(-1)/2*x?
5
Suppose 7 + 1 = 4*o. Suppose -b - 3 = -0*b + 5*t, 2*b = o*t + 6. Suppose 5*m = -3*i + 35, 6 + 6 = i + b*m. What are the prime factors of i?
2, 5
Suppose 1 = i + 5*h, 3*i - 5 = -2*i - 4*h. What are the prime factors of (-3)/i*10/(-3)?
2, 5
Suppose -4*j = 2*j - 252. What are the prime factors of j?
2, 3, 7
Suppose 3*u + 2*f + 10 = 0, 2*f = 4*u - 3*f - 25. Let g be 44/10 + (-4)/10. Suppose g*z + 5 - 21 = u. What are the prime factors of z?
2
Let d = -1 - -3. Suppose 0 = -d*g + 32 - 4. What are the prime factors of g?
2, 7
Let z = -21 + 9. Let a be (z/(-5))/(6/20). Suppose -u + a = u. List the prime factors of u.
2
Let l be (-54)/7 - 4/14. List the prime factors of (-2)/l - 268/(-16).
17
Suppose -67*p + 72*p - 850 = 0. List the prime factors of p.
2, 5, 17
Let c be 12/((-17)/(-5) - 3). Let s = c + 18. Suppose s = 3*a + a. What are the prime factors of a?
2, 3
Suppose -3*o = -2 - 7. Let y = o + -1. List the prime factors of y.
2
Let y be 12/8*8/6. Suppose -3*c = 2*j - 74, y*j + 4*c = 3*j - 59. What are the prime factors of j?
43
Suppose 2*u - 424 = -5*t, -2*u + 5*t + 216 + 208 = 0. What are the prime factors of u?
2, 53
Let o = 29 + -4. Let f = o - 5. List the prime factors of f.
2, 5
Let g(v) = v**3 + 3. Let x be g(0). Suppose 4*a = 2*l + 4, -2*l - x*l = 0. List the prime factors of -3*4/(-3) - a.
3
Let p be 4/5*(-5)/(-2). Let t be (18/(-4))/((-12)/16). Suppose b = 2*f + t*b - 10, -p*b + 5 = f. List the prime factors of f.
5
Let i = 477 + -278. What are the prime factors of i?
199
Suppose 4*t = 2*x + 56, -5*x - 13 = 7. Let b = 7 + 0. Let w = t - b. List the prime factors of w.
5
Let w(h) = -h**2 + 9*h + 6. What are the prime factors of w(9)?
2, 3
Suppose -14 - 1 = 2*f + 3*g, 0 = -2*f + 2*g + 10. Suppose 5*o + 3*n = 13, -o + f*n = -2*n. What are the prime factors of o?
2
Let c(n) = 11*n - 19. What are the prime factors of c(11)?
2, 3, 17
Let m be 4*1 - (-1 - -1). Suppose -2*i = -4*i + 46. Suppose -o + 17 = 2*c + c, m*o = c - i. What are the prime factors of c?
7
Suppose -3*n + 121 = 4*v, -3*n + 4*v - v = -135. What are the prime factors of n?
43
Suppose 5*m = 5*l - 10, 5 = 4*l - 3*m - 2*m. Suppose -2 = -4*d + 2, -l*d = -4*o + 51. List the prime factors of o.
2, 7
Suppose 17 = -5*j + 72. List the prime factors of j.
11
Let u = -9 + 7. What are the prime factors of 38/3 + u/3?
2, 3
Let z = 7 - 5. Suppose -3 - 10 = -r. Let s = r - z. What are the prime factors of s?
11
Suppose 3*u - 33 = -2*k + 20, -u = -5*k + 141. Let l = 46 - k. What are the prime factors of l?
2, 3
Let a = 6 + 2. What are the prime factors of a?
2
What are the prime factors of 2*-